
Let i be (-12)/(-2*2/14). Let m be ((-36)/(-45))/((-4)/(-70)). Calculate the greatest common factor of i and m.
14
Suppose 3*f - 2*z - 33 = -4*z, -5*z = 5*f - 55. Let j be (2 - f/6) + 21948/72. Calculate the highest common factor of 61 and j.
61
Let g be (2492/445)/(0 - (-6)/195). Calculate the greatest common factor of g and 2093.
91
Let b be ((-18)/(-6))/(0 - -1). Suppose -b*v - 6 = -4*v. Let f be v/(-8) - (-1098)/24. Calculate the highest common factor of 30 and f.
15
Suppose 0 = -4*w - 3*w + 70. Calculate the greatest common divisor of w and 55.
5
Suppose -84 = 69*n - 76*n. Calculate the highest common factor of 9 and n.
3
Let a = 287 - 258. Calculate the highest common divisor of a and 145.
29
Let t be (-83)/(1 + -2) - 2. Let h be ((-24)/(-60))/(2/(-10)). Let o be (-4 - 2)*3/h. Calculate the highest common factor of t and o.
9
Let j = -106 - -109. Suppose -10*z - j = -183. Let p = 6 - 0. Calculate the greatest common factor of p and z.
6
Suppose -3 = 4*x + 9. Let s be x/1 + 8 + -1. Suppose -60 = -s*o + 12. Calculate the highest common divisor of o and 6.
6
Let n = 48 - 46. Let j be ((-18)/n)/(20/(-220)). What is the greatest common divisor of 11 and j?
11
Let o(f) = 7*f - 31. Let z be o(-15). Let d = -3 - z. Calculate the greatest common factor of 19 and d.
19
Let l be (9/(36/632))/(-1). Let x = 287 + l. What is the greatest common factor of x and 43?
43
Let h be (-27)/(-18) - 22/(-4). Suppose 0 = -3*a + h*a - 96. Suppose 4*c - 5*j - 9 = 4, -3*c - j = -a. What is the highest common factor of 21 and c?
7
Let q(x) = x**3 - 31*x**2 + x + 69. Let d be q(31). Calculate the highest common factor of d and 4.
4
Let s be ((-1)/2 + (-2)/(-2))*12. Suppose -69 = -3*m - s. Calculate the highest common divisor of m and 35.
7
Let m(a) = 3*a**2 - 17*a - 120. Let n be m(-9). What is the highest common divisor of 24 and n?
12
Let m = 0 + -7. Let s = -14 - m. Let v = -2 - s. What is the greatest common divisor of v and 35?
5
Suppose 2132 = -30*o + 8402. Calculate the greatest common factor of o and 55.
11
Let u(o) = -2*o - 10*o + 17 + o**2 + 6. Let t be u(11). What is the greatest common divisor of 132 and t?
12
Let n = -34 + 35. Let h be n/((-3)/45)*-1. Calculate the highest common divisor of h and 45.
15
Suppose 3*t = 4*h + 24, -t - 3*h + 4 - 9 = 0. Let g be (98/t)/(1/2). What is the highest common factor of 7 and g?
7
Let x be (-40)/12*-9 - (-6)/(-3). Calculate the greatest common divisor of 21 and x.
7
Let a(v) be the third derivative of 13*v**5/60 - v**4/8 - v**3/6 + 26*v**2. Let r be a(-2). Calculate the highest common divisor of r and 38.
19
Let o = 1629 + -358. Calculate the greatest common divisor of 31 and o.
31
Let i(j) = -j**2 + j + 5. Let u(g) = g. Let c(y) = i(y) - 3*u(y). Let q be c(-4). Let l = q - -20. What is the greatest common divisor of l and 187?
17
Let p(y) = 6*y**3 + y**2 - y + 1. Let z be p(1). Suppose 4*q + 0*q - 56 = 0. Calculate the greatest common divisor of q and z.
7
Let a be ((-6)/(-4))/((-33)/(-6314)). What is the greatest common divisor of 7 and a?
7
Let r(s) = -s**2 + 12*s + 43. Let j be r(11). What is the highest common divisor of j and 81?
27
Suppose 52*c - 429 = 247. Suppose -2*b = -4*b + 78. Calculate the greatest common factor of c and b.
13
Let l(v) = 2*v**2 - 8*v + 8. Let u be l(7). Suppose 0 = t - 3*t - 2*r + 32, 5*t - r - u = 0. Calculate the greatest common divisor of 11 and t.
11
Suppose 5*w + 15 = -270. Let l = 27 + w. Let i = l - -42. What is the greatest common factor of i and 6?
6
Suppose w = 5*l + 91, -5*l + 159 - 38 = w. Calculate the greatest common divisor of 2 and w.
2
Suppose 4*x - 2*a - 276 = 0, -x + 148 = x + 4*a. Let j be ((-14)/x)/((-2)/10). Calculate the highest common divisor of 2 and j.
1
Let l = 29 + -18. Let j = 254 + -177. Calculate the greatest common factor of j and l.
11
Let j = 70 + -42. Let u be 1/((2/(-56))/(13 - 16)). Calculate the greatest common divisor of u and j.
28
Let q = -418 + 451. Calculate the highest common factor of 264 and q.
33
Suppose 7*h - 290 = 347. Calculate the greatest common divisor of h and 455.
91
Let b = -9 + -9. Let n = b - -22. What is the greatest common factor of 20 and n?
4
Suppose -5*j - 1735 = -5*h, 0 = 5*h + 9*j - 5*j - 1744. Suppose -1312 = -5*s + 2*y, -y - h = 2*s - 880. What is the highest common divisor of 24 and s?
24
Let g = -91 - -172. Calculate the highest common divisor of g and 783.
27
Suppose -4*m = b - 4*b - 22, 5*m - 14 = -3*b. Let w be (-2245)/(-55) - b/11. Calculate the greatest common divisor of w and 451.
41
Let m(v) = v**3 + 6*v**2 + v + 1. Let c be m(-5). Suppose -3*z = -4*z - 7. Let b = z + 10. What is the greatest common divisor of b and c?
3
Suppose 1080 = 20*n + 4*n. What is the greatest common divisor of n and 10?
5
Let p(k) = k**3 - 15*k**2 - 3*k + 5. Let v be p(15). Let y = v - -46. Calculate the greatest common divisor of 12 and y.
6
Let j(d) = -14*d + 2. Let q be j(1). Let g be (6/q)/(1/(-46)). Calculate the greatest common divisor of 23 and g.
23
Suppose -a + 10 = 3*m, -2*a - a + 5*m = -30. Calculate the greatest common divisor of 90 and a.
10
Let x(u) = u**3 + 10*u**2 - 9*u - 83. Let t be x(-10). What is the greatest common divisor of 4 and t?
1
Suppose 0 = 3*w + 9 - 3, w - 13 = 5*j. Let i be 8 + -1 + (-3)/3. Let y be (63/i)/(j/(-6)). What is the highest common factor of y and 14?
7
Let j = -3 - -8. Suppose j*g - u - 11 + 6 = 0, -4*u = -5*g - 10. Suppose 2*z - g*y = 74, -z + 8*y = 3*y - 41. Calculate the highest common divisor of z and 12.
12
Suppose 5*o = -y + 658, -5*y + 650 = 19*o - 14*o. Let z = 11 - 0. Suppose -o = -x - z. What is the highest common divisor of x and 11?
11
Let k = 2 + 2. Suppose d = -d - 3*t + 21, 2*d + k*t - 24 = 0. Let v(q) = -q**2 + 9*q - 9. Let w be v(d). Calculate the highest common divisor of 27 and w.
9
Let y be (-16)/(-14)*(-25)/(-20)*7. What is the highest common factor of 40 and y?
10
Let q = 51 - 39. Let w(o) = -o**3 - o**2 + o - 1. Let l be w(-3). Suppose 0 = -l*h + q*h + 518. What is the highest common divisor of 37 and h?
37
Suppose 5*h = 5*k + 850, 3*k + 197 = 2*h - 143. Calculate the greatest common divisor of h and 10.
10
Let z = 132 - 132. Let k(f) = f**2 + 336. Let l be k(0). Suppose -26*d + 22*d + l = z. What is the highest common divisor of 12 and d?
12
Let x be 2*(3 - 3 - -2). Suppose 5*m + x*b - 24 = 470, 2*m + 4*b = 188. Let p = 158 - m. What is the highest common factor of 8 and p?
8
Let r = 2 - 4. Let b(h) = 7*h**2 - 2*h - 2. Let t be b(r). Calculate the highest common factor of t and 60.
30
Suppose -3*z + 2*j = -2401, -3065 - 133 = -4*z + j. What is the highest common factor of 51 and z?
17
Let m be ((-6)/14)/(2/(-14)). Suppose -g + 6*g - 136 = -m*t, -5*t + 5*g = -200. Calculate the highest common divisor of 70 and t.
14
Let l = 149 + -133. What is the highest common factor of l and 80?
16
Let o be -66*-6*9/12. Let i(l) = l**2 - 13*l - 35. Let d be i(-4). Calculate the greatest common factor of o and d.
33
Let v(g) = -5*g - 15. Let i be v(-3). Suppose i = -3*l + 5*p + 52, -35 = -5*l - 3*p + p. Calculate the highest common divisor of l and 6.
3
Let q(i) = 124*i - 135. Let b be q(4). Calculate the highest common factor of b and 19.
19
Let t be 102/(-238) - 636/(-14). Calculate the greatest common divisor of 15 and t.
15
Let n = -3 + 32. Suppose n = 3*i - 2*r, -2*i = i + r - 17. Calculate the greatest common divisor of i and 35.
7
Suppose 0*g + 5 = g. Suppose -4*f = 2*q - 50, 0*q + g*q + 70 = 5*f. What is the greatest common factor of 143 and f?
13
Suppose -5*w = -k - 176, 0*w + 4*w - 132 = 3*k. Let v = -25 - -17. Let u be (4/v)/((-3)/144). Calculate the highest common factor of w and u.
12
Let n(q) = q**2 + 5*q - 2. Suppose 6*u - u = -30. Let j be n(u). Let k be (-1)/(1/(-22*2)). What is the greatest common factor of k and j?
4
Let q(p) = p**2 + p - 40. Let v be q(12). Let h = -24 + v. Calculate the highest common divisor of h and 23.
23
Suppose 3*y = 4*d + 948, -5*d - 1975 + 711 = -4*y. What is the greatest common factor of 4 and y?
4
Suppose -254*i = -259*i + 550. Calculate the highest common divisor of i and 3190.
110
Let h(g) = -g**2 - g + 60. Let s(d) = 2*d + 26. Let c be s(-13). Let r be h(c). Calculate the highest common factor of r and 15.
15
Suppose 1332 = 11*x - 